81
List the prime factors of 547010281.
131, 263, 15877
What are the prime factors of 106747714?
2, 3329, 16033
List the prime factors of 34507835.
5, 1879, 3673
List the prime factors of 18174406.
2, 9087203
What are the prime factors of 28413750?
2, 3, 5, 7577
List the prime factors of 1445232570.
2, 3, 5, 48174419
List the prime factors of 67020240.
2, 3, 5, 7, 41, 139
List the prime factors of 12538631.
7, 193, 9281
What are the prime factors of 45512803?
7, 29, 224201
What are the prime factors of 204373248?
2, 3, 266111
What are the prime factors of 454527092?
2, 29, 37, 137, 773
What are the prime factors of 472677142?
2, 7, 33762653
What are the prime factors of 1640175377?
1640175377
List the prime factors of 188980289.
19, 647, 15373
What are the prime factors of 1881040996?
2, 470260249
What are the prime factors of 544584039?
3, 331, 548423
What are the prime factors of 1278475204?
2, 787, 406123
What are the prime factors of 180110037?
3, 60036679
What are the prime factors of 88677142?
2, 19, 2333609
What are the prime factors of 401806222?
2, 200903111
What are the prime factors of 73477965?
3, 5, 11, 445321
List the prime factors of 2389365446.
2, 13, 41, 2241431
List the prime factors of 239768547.
3, 37, 397, 5441
What are the prime factors of 45093049?
73, 557, 1109
What are the prime factors of 46108761?
3, 107, 379
List the prime factors of 289760718.
2, 3, 13, 101, 36781
List the prime factors of 725569061.
7, 17, 6097219
List the prime factors of 576608578.
2, 7, 13, 452597
What are the prime factors of 308614591?
308614591
List the prime factors of 15678753.
3, 5226251
What are the prime factors of 6725390?
2, 5, 7, 29, 3313
List the prime factors of 4190135137.
4190135137
What are the prime factors of 180560656?
2, 2179, 5179
What are the prime factors of 1497435121?
7, 13, 83, 198257
What are the prime factors of 484122972?
2, 3, 67, 602143
What are the prime factors of 289863403?
79, 127, 167, 173
List the prime factors of 320477842.
2, 149, 1075429
What are the prime factors of 367857526?
2, 17, 3221, 3359
List the prime factors of 207291910.
2, 5, 7, 97, 30529
List the prime factors of 372343002.
2, 3, 197, 315011
List the prime factors of 43084337.
59, 12377
What are the prime factors of 4135565871?
3, 12983, 35393
What are the prime factors of 62899930?
2, 5, 31, 331, 613
List the prime factors of 130008978.
2, 3, 11, 31, 59, 359
List the prime factors of 2551772048.
2, 7, 19, 43, 79, 353
List the prime factors of 4630280892.
2, 3, 89, 4335469
What are the prime factors of 58728715?
5, 19, 71, 8707
What are the prime factors of 74497571?
547, 136193
List the prime factors of 90943035.
3, 5, 23, 73, 157
What are the prime factors of 284650768?
2, 37, 97, 4957
What are the prime factors of 593849703?
3, 587, 337223
What are the prime factors of 32900391?
3, 1218533
What are the prime factors of 593408501?
7, 84772643
What are the prime factors of 34807672?
2, 163, 26693
List the prime factors of 49125636.
2, 3, 7, 9283
List the prime factors of 63991178.
2, 89, 359501
List the prime factors of 2647033024.
2, 61, 379, 1789
List the prime factors of 4106619.
3, 11, 419
What are the prime factors of 1216864327?
7, 173837761
What are the prime factors of 33172618?
2, 907, 18287
List the prime factors of 528150564.
2, 3, 23, 89, 2389
List the prime factors of 151990396.
2, 31, 1225729
What are the prime factors of 33915126?
2, 3, 7, 197, 4099
List the prime factors of 2872899340.
2, 5, 143644967
List the prime factors of 17993995.
5, 43, 127, 659
What are the prime factors of 175961178?
2, 3, 23, 425027
List the prime factors of 172878524.
2, 7, 13, 474941
List the prime factors of 82284833.
82284833
List the prime factors of 981004568.
2, 1249, 98179
What are the prime factors of 2621195387?
22003, 119129
List the prime factors of 48665120.
2, 5, 7, 43451
What are the prime factors of 886336769?
17, 43, 67, 18097
What are the prime factors of 35911131?
3, 11970377
List the prime factors of 446184429.
3, 19, 23, 340339
List the prime factors of 56989526.
2, 11, 2590433
What are the prime factors of 779962660?
2, 5, 23, 73, 23227
List the prime factors of 186662918.
2, 13, 7179343
What are the prime factors of 8920450058?
2, 13, 73, 1303, 3607
List the prime factors of 76831999.
149, 515651
What are the prime factors of 2103372349?
13, 29, 127, 197, 223
What are the prime factors of 328577563?
23, 71, 201211
What are the prime factors of 1526301484?
2, 71, 5374301
What are the prime factors of 267207037?
17, 809, 19429
List the prime factors of 6631805040.
2, 3, 5, 7, 563929
List the prime factors of 774032146.
2, 19, 113, 180259
What are the prime factors of 1029564493?
10267, 100279
What are the prime factors of 110335487?
59, 211, 8863
List the prime factors of 39538791.
3, 19, 59, 3919
List the prime factors of 2278819515.
3, 5, 7, 139, 193, 809
List the prime factors of 237559575.
3, 5, 11, 101, 2851
What are the prime factors of 143548519?
143548519
List the prime factors of 906879489.
3, 23, 463, 28387
List the prime factors of 157078617.
3, 6947, 7537
What are the prime factors of 110441412?
2, 3, 3067817
List the prime factors of 4032138.
2, 3, 11, 199, 307
What are the prime factors of 16439943?
3, 13, 191, 2207
What are the prime factors of 31503105?
3, 5, 179, 3911
List the prime factors of 1044634437.
3, 7, 11, 397, 3797
What are the prime factors of 12571822?
2, 6285911
What are the prime factors of 3037777035?
3, 5, 137, 1478237
List the prime factors of 43396967.
37, 73, 16067
What are the prime factors of 1458030961?
241, 1571, 3851
List the prime factors of 87362425.
5, 47, 149, 499
List the prime factors of 553903623.
3, 7, 13, 59, 3821
List the prime factors of 42305947.
23, 197, 9337
List the prime factors of 2306758017.
3, 233, 1747, 1889
List the prime factors of 86434259.
137, 630907
List the prime factors of 1765927598.
2, 17, 271, 191657
List the prime factors of 110117745.
3, 5, 815687
List the prime factors of 36129112.
2, 4516139
What are the prime factors of 132121276?
2, 7, 4718617
What are the prime factors of 41841506?
2, 7, 31, 229, 421
What are the prime factors of 578270004?
2, 3, 13, 313, 911
List the prime factors of 52605942.
2, 3, 29, 43, 79, 89
List the prime factors of 296359952.
2, 7, 2646071
List the prime factors of 441324863.
7, 37, 1703957
What are the prime factors of 16301449?
19, 83, 10337
List the prime factors of 66748212.
2, 3, 43, 1597
List the prime factors of 721982149.
7, 199, 523, 991
List the prime factors of 2123558593.
13, 163350661
List the prime factors of 107544272.
2, 11, 47, 13001
List the prime factors of 833823116.
2, 7, 29779397
What are the prime factors of 115084417?
7, 41, 131, 3061
What are the prime factors of 39256185?
3, 5, 19, 181, 761
What are the prime factors of 9051345?
3, 5, 22349
List the prime factors of 83692313.
67, 1249139
List the prime factors of 14450412.
2, 3, 19, 61, 1039
List the prime factors of 2211877993.
13, 31, 5488531
List the prime factors of 79316398.
2, 7, 73, 11087
What are the prime factors of 1484842766?
2, 11, 67492853
What are the prime factors of 831751?
831751
List the prime factors of 168650185.
5, 11, 157, 19531
List the prime factors of 164370638.
2, 82185319
What are the prime factors of 446980284?
2, 3, 12416119
What are the prime factors of 733712316?
2, 3, 17, 197, 18257
What are the prime factors of 598527738?
2, 3, 17, 353, 1847
List the prime factors of 40321767.
3, 977, 13757
What are the prime factors of 1367453756?
2, 1499, 228061
List the prime factors of 42537778.
2, 21268889
What are the prime factors of 196553375?
5, 1572427
List the prime factors of 26116930.
2, 5, 7, 17, 1291
What are the prime factors of 73698930?
2, 3, 5, 272959
List the prime factors of 4019118814.
2, 31, 64824497
List the prime factors of 3400919678.
2, 13, 541, 241783
List the prime factors of 3718392481.
3718392481
List the prime factors of 429575140.
2, 5, 23, 79, 11821
List the prime factors of 4061811940.
2, 5, 13781, 14737
List the prime factors of 10429930.
2, 5, 7, 37, 4027
What are the prime factors of 72826157?
72826157
List the prime factors of 181110521.
181110521
What are the prime factors of 38281931?
31, 